1.
50
Calculate the remainder when 11772 is divided by 72.
36
What is the remainder when 33723 is divided by 219?
216
What is the remainder when 9883 is divided by 154?
27
What is the remainder when 837 is divided by 70?
67
What is the remainder when 3650 is divided by 51?
29
What is the remainder when 7266 is divided by 210?
126
What is the remainder when 143246 is divided by 31?
26
What is the remainder when 14453 is divided by 440?
373
Calculate the remainder when 403487 is divided by 85.
77
What is the remainder when 3949 is divided by 59?
55
What is the remainder when 179530 is divided by 66?
10
What is the remainder when 38158 is divided by 180?
178
Calculate the remainder when 59415 is divided by 79.
7
Calculate the remainder when 6551 is divided by 1400.
951
What is the remainder when 59170 is divided by 1690?
20
What is the remainder when 34623 is divided by 11?
6
Calculate the remainder when 367650 is divided by 33.
30
Calculate the remainder when 20587 is divided by 38.
29
What is the remainder when 3581 is divided by 74?
29
Calculate the remainder when 39051 is divided by 7.
5
What is the remainder when 7648 is divided by 247?
238
Calculate the remainder when 11273 is divided by 39.
2
What is the remainder when 471878 is divided by 93?
89
Calculate the remainder when 15144 is divided by 297.
294
What is the remainder when 49344 is divided by 69?
9
Calculate the remainder when 2086 is divided by 168.
70
Calculate the remainder when 1944 is divided by 769.
406
Calculate the remainder when 1615 is divided by 2.
1
Calculate the remainder when 57922 is divided by 62.
14
What is the remainder when 3748 is divided by 3614?
134
Calculate the remainder when 275 is divided by 145.
130
Calculate the remainder when 19466 is divided by 177.
173
Calculate the remainder when 68147 is divided by 177.
2
What is the remainder when 44116 is divided by 25?
16
What is the remainder when 2982 is divided by 125?
107
Calculate the remainder when 23391 is divided by 204.
135
Calculate the remainder when 1191492 is divided by 20.
12
What is the remainder when 54634 is divided by 9?
4
What is the remainder when 11559 is divided by 99?
75
Calculate the remainder when 644889 is divided by 253.
245
What is the remainder when 552 is divided by 17?
8
What is the remainder when 56213 is divided by 632?
597
What is the remainder when 19749 is divided by 583?
510
What is the remainder when 8183 is divided by 1746?
1199
What is the remainder when 10161 is divided by 21?
18
What is the remainder when 1627 is divided by 937?
690
What is the remainder when 39283 is divided by 715?
673
Calculate the remainder when 31561 is divided by 10517.
10
Calculate the remainder when 6185 is divided by 1539.
29
Calculate the remainder when 120713 is divided by 164.
9
Calculate the remainder when 62644 is divided by 62628.
16
What is the remainder when 902149 is divided by 13879?
14
Calculate the remainder when 797 is divided by 11.
5
What is the remainder when 728730 is divided by 4026?
24
Calculate the remainder when 12527 is divided by 144.
143
What is the remainder when 8161 is divided by 71?
67
What is the remainder when 84040 is divided by 188?
4
Calculate the remainder when 38810 is divided by 1617.
2
What is the remainder when 520522 is divided by 492?
478
What is the remainder when 4920 is divided by 4903?
17
What is the remainder when 22429 is divided by 12?
1
Calculate the remainder when 1795 is divided by 596.
7
What is the remainder when 4851 is divided by 601?
43
Calculate the remainder when 18887 is divided by 1573.
11
Calculate the remainder when 22268 is divided by 17.
15
Calculate the remainder when 2904 is divided by 561.
99
What is the remainder when 3892 is divided by 1259?
115
Calculate the remainder when 12916 is divided by 807.
4
What is the remainder when 817064 is divided by 67?
66
Calculate the remainder when 1223 is divided by 474.
275
Calculate the remainder when 33 is divided by 18.
15
Calculate the remainder when 131153 is divided by 31.
23
Calculate the remainder when 1584198 is divided by 356.
354
Calculate the remainder when 39801 is divided by 39.
21
Calculate the remainder when 8897 is divided by 391.
295
What is the remainder when 14798 is divided by 462?
14
What is the remainder when 973 is divided by 937?
36
Calculate the remainder when 832 is divided by 275.
7
Calculate the remainder when 33171 is divided by 2761.
39
What is the remainder when 71882 is divided by 1996?
26
Calculate the remainder when 621 is divided by 296.
29
What is the remainder when 134962 is divided by 498?
4
Calculate the remainder when 44051 is divided by 12.
11
What is the remainder when 9934 is divided by 110?
34
What is the remainder when 6177 is divided by 4395?
1782
Calculate the remainder when 2883 is divided by 683.
151
Calculate the remainder when 957586 is divided by 62.
58
What is the remainder when 6796 is divided by 1252?
536
Calculate the remainder when 10253 is divided by 197.
9
Calculate the remainder when 34184 is divided by 11386.
26
Calculate the remainder when 63135 is divided by 1126.
79
What is the remainder when 13478 is divided by 439?
308
Calculate the remainder when 56305 is divided by 137.
135
What is the remainder when 3168 is divided by 93?
6
What is the remainder when 1085171 is divided by 4?
3
What is the remainder when 1655 is divided by 846?
809
Calculate the remainder when 20177 is divided by 31.
27
What is the remainder when 1991 is divided by 48?
23
Calculate the remainder when 4434 is divided by 1221.
771
Calculate the remainder when 11838 is divided by 5899.
40
Calculate the remainder when 1128 is divided by 223.
13
Calculate the remainder when 5760 is divided by 222.
210
Calculate the remainder when 47838 is divided by 13.
11
What is the remainder when 14912 is divided by 10?
2
What is the remainder when 32397 is divided by 142?
21
Calculate the remainder when 3076 is divided by 3016.
60
Calculate the remainder when 1090722 is divided by 91.
87
Calculate the remainder when 728189 is divided by 182045.
9
Calculate the remainder when 4722 is divided by 4690.
32
Calculate the remainder when 37796 is divided by 293.
292
Calculate the remainder when 2030455 is divided by 20.
15
Calculate the remainder when 43758 is divided by 45.
18
Calculate the remainder when 202395 is divided by 736.
731
Calculate the remainder when 6285 is divided by 5863.
422
Calculate the remainder when 32173 is divided by 39.
37
Calculate the remainder when 9851 is divided by 1638.
23
Calculate the remainder when 117 is divided by 13.
0
What is the remainder when 2810 is divided by 51?
5
Calculate the remainder when 157900 is divided by 31580.
0
What is the remainder when 2458 is divided by 130?
118
Calculate the remainder when 81701 is divided by 81661.
40
Calculate the remainder when 781 is divided by 264.
253
What is the remainder when 4244 is divided by 1411?
11
What is the remainder when 2476 is divided by 138?
130
What is the remainder when 90494 is divided by 943?
909
Calculate the remainder when 11087 is divided by 688.
79
Calculate the remainder when 1001 is divided by 480.
41
What is the remainder when 229154 is divided by 113?
103
What is the remainder when 59200 is divided by 7?
1
Calculate the remainder when 2928 is divided by 1044.
840
What is the remainder when 63201 is divided by 531?
12
Calculate the remainder when 2837 is divided by 2805.
32
Calculate the remainder when 6117 is divided by 1000.
117
Calculate the remainder when 48541 is divided by 3233.
46
Calculate the remainder when 928 is divided by 5.
3
What is the remainder when 13709 is divided by 361?
352
What is the remainder when 553944 is divided by 1601?
1599
What is the remainder when 4299 is divided by 4204?
95
What is the remainder when 397827 is divided by 353?
349
What is the remainder when 1733171 is divided by 141?
140
Calculate the remainder when 9650 is divided by 2410.
10
What is the remainder when 895 is divided by 204?
79
What is the remainder when 7675 is divided by 483?
430
What is the remainder when 190474 is divided by 66?
64
Calculate the remainder when 370780 is divided by 52.
20
Calculate the remainder when 9312 is divided by 3088.
48
What is the remainder when 216